 o(x) = 2*x**2 - 2*x + 10. Let g be o(7). Let j = g - q. What are the prime factors of j?
2, 5, 7
Let l = 2 + 10. Suppose 9*a - l*a = -1209. What are the prime factors of a?
13, 31
Suppose x - 21 = -3*c, -1 + 4 = 3*c. Let l be (-135)/x*(5 + -1 + 0). List the prime factors of (-16735)/(-75) - (-4)/l.
223
Suppose 0 = 43*o - 44*o + 10. Suppose -320 = -o*f + 40. Suppose -f*w + 37*w = 133. What are the prime factors of w?
7, 19
Suppose -11891 = 64*a - 87*a. Suppose -2*k + 386 + a = -j, -909 = -2*k + 3*j. List the prime factors of k.
2, 3, 5
Suppose 0 = -2*s + 22 - 12. Suppose -4*t = -4*k + 12, 0*k + 65 = -s*t - 5*k. What are the prime factors of (0 + -219)/(44/t - -4)?
2, 73
Suppose 83335 = 36*s - s. Let r = s - 1275. List the prime factors of r.
2, 7, 79
Let s(j) = j**3 - 38*j**2 - 131*j + 221. List the prime factors of s(52).
5, 13, 37
Let j(h) = -h**3 + 18*h**2 - 4*h - 11. Suppose 37*p + 51 = 40*p. What are the prime factors of j(p)?
2, 3, 5, 7
Suppose -206*z + 204*z = -4*l - 60108, 150375 = 5*z + 5*l. What are the prime factors of z?
2, 7517
Suppose 2*l = -5*l + 343. Let w = l - -278. What are the prime factors of w?
3, 109
Let s = -13345 - -23146. What are the prime factors of s?
3, 11
Suppose -102*q = -97*q + 5*m - 129325, 6*m = -12. What are the prime factors of q?
25867
Suppose 78*c = -16*c - 35*c + 3406761. What are the prime factors of c?
3, 8803
Let a be 12/(-6) - -3442*2/2. Suppose 0 = 3*w - a + 503. List the prime factors of w.
11, 89
Let k(c) be the first derivative of -c**2 + 24*c + 8. Let q be k(16). List the prime factors of 36 + q/((-4)/2).
2, 5
Let c = 76 - 42. Suppose z - 2*y + c = -z, 4*y = 20. Let d(g) = -18*g - 5. What are the prime factors of d(z)?
211
Let r = 5 - -34. Suppose r - 24 = 5*d. Suppose 0 = d*v + 9, 5*t - 313 = 2*v + 308. What are the prime factors of t?
3, 41
Let k be ((-8)/6)/(7/21) + -30. What are the prime factors of k/(51/(-24) + 2)?
2, 17
Let g = 756 + 7408. List the prime factors of g.
2, 13, 157
Suppose 0 = -4*i - 3*y + 23883, 0*i + 29845 = 5*i - 5*y. What are the prime factors of i?
2, 3, 5, 199
Let r(u) = u**3 + 41*u**2 - 683*u - 59. List the prime factors of r(-44).
5, 7, 691
Let q(v) = -5*v**3 - 5*v**2 + 6*v - 3. Let z be q(2). Let n = 133 + z. List the prime factors of n.
2, 41
Let j(a) = -16925*a - 7375. List the prime factors of j(-5).
2, 3, 5, 103
Let c = 2099 + -114. List the prime factors of c.
5, 397
Suppose -5*k + 1 = 11. Let z be ((-21)/14)/(k/320). Suppose -u + 554 = 3*f, -u = -4*f + z + 487. What are the prime factors of f?
3, 61
Let j(k) = -k**2 + 14*k - 29. Let g be j(12). Let d(h) = 11*h + 4. Let l(b) = 6*b + 2. Let f(p) = 4*d(p) - 9*l(p). List the prime factors of f(g).
2, 3
List the prime factors of (-86)/215*(-28686 + 1).
2, 5737
Let s(w) = 269*w**2 - 5*w + 38. List the prime factors of s(6).
2, 2423
List the prime factors of (1 + 1 - -467)/((-125)/(-625)).
5, 7, 67
Let g(d) = -d - 1. Suppose -4*r + 3*c - 7 = 0, c - 5 = r - 4. Let y be g(r). Suppose y*o + 2*b = 253, -o + 2*o - 82 = -3*b. List the prime factors of o.
5, 17
Let i(q) = 2*q**3 - 12*q + 3. Let a be i(6). Suppose -3*u + 3*z + 273 = 0, 7*u = 3*u + 3*z + a. What are the prime factors of u?
2, 3, 5
Let h = 2365 - 1141. What are the prime factors of h?
2, 3, 17
Let q = 21 - 11. Let i(g) be the second derivative of 4*g**3/3 - 29*g**2/2 - 12*g + 4. What are the prime factors of i(q)?
3, 17
Suppose 3*n + n = u - 264, -3*n - 260 = -u. Suppose -14*b = -10*b - u. Suppose 0 = 4*q - 5*r + b - 998, 4*r = 0. What are the prime factors of q?
2, 3, 13
Suppose 5*l + 13*k + 5 = 10*k, -3*l - k = -1. Suppose t - 110 = -l*o + 120, 2*o = 5*t - 1150. List the prime factors of t.
2, 5, 23
Suppose 4*o = -s + 151 + 144, -o + 85 = 4*s. Suppose -14*a = 21 - 1589. Let c = a - o. What are the prime factors of c?
3, 13
Let l = 2224 - -2201. List the prime factors of l.
3, 5, 59
Suppose 3*o = -32 + 44. Suppose o*k = 5*k - i - 388, 5*k + 2*i = 1947. What are the prime factors of k?
389
Let a = 690 - 685. Suppose -1899 = -a*v + 2416. What are the prime factors of v?
863
Let a(l) = -68*l + 69. Let x be a(-8). Suppose -2*f = 6, -9*z = -11*z - 5*f + x. List the prime factors of z.
2, 157
Let a = 10 + 15. Suppose 4 = 4*b - 2*p - 2, 5*p - a = 0. What are the prime factors of 130/2 + b/16*4?
2, 3, 11
Suppose 2*j + 47105 = 5*c, -504*c - 18823 = -506*c - 3*j. List the prime factors of c.
9419
Suppose u + 2*f + 2144 = 0, -3*f = -3*u + 2*f - 6454. Let p = u + 3787. What are the prime factors of p?
11, 149
Let f be 2/(-12) - (1 + (-1496)/48). Suppose -f*w + 1662 = -14718. What are the prime factors of w?
2, 3, 7, 13
Suppose 4*v - 38567 = -5*w, -18*w = -16*w + 3*v - 15431. List the prime factors of w.
11, 701
Suppose 0 = -13*r + 19 + 20. What are the prime factors of -3 + (92 - (r - -2))?
2, 3, 7
Suppose -4*i - 4*t = -17572, -18*i = -14*i - t - 17547. List the prime factors of i.
2, 1097
Suppose -482 = -10*t + 10448. Suppose -3279 = -4*p + t. Suppose -5*z + p = -14*v + 11*v, 0 = 3*z + 2*v - 671. List the prime factors of z.
13, 17
Let b = 15935 + -8871. What are the prime factors of b?
2, 883
Let l = -830 + 944. Let q be (-1142)/(-2) + (-2 - -4). Suppose l*o = 111*o + q. List the prime factors of o.
191
Suppose 1869*x - 4818580 = 1804*x. List the prime factors of x.
2, 43, 431
Let q = -1631 + 2430. What are the prime factors of q?
17, 47
Let h = 25562 + -6263. What are the prime factors of h?
3, 7, 919
What are the prime factors of 6491 + 38 - (1 - -10)?
2, 3259
Suppose 0 = -9*m - 15*m - 7200. Let i = -78 - m. What are the prime factors of i?
2, 3, 37
Let j(u) = -1042*u - 4942. List the prime factors of j(-7).
2, 3, 7
Let u(g) = -7*g**3 - 7*g**2 - 6*g + 511. List the prime factors of u(-13).
5, 2957
Let y(n) = -14 - 9 - n**2 + 7*n + 21*n - 2*n. Let a = 74 - 52. What are the prime factors of y(a)?
5, 13
Let b(k) = k**2 - 10*k - 7. Let d be b(11). Suppose d*g = g - 3. List the prime factors of 1 - (g + -69 + 0).
71
Suppose 0*o + 2 = -2*o, -3*j + 3*o + 40860 = 0. What are the prime factors of j?
13619
Suppose 4*i - 1571 - 392 = 457. What are the prime factors of i?
5, 11
Let j(x) = 19*x**2 + 36*x + 4. Let f = -377 + 367. What are the prime factors of j(f)?
2, 193
Suppose -3*b = k - 18180, 18*b - 22*b + 3*k = -24266. List the prime factors of b.
2, 7, 433
Let q = -624 - -948. Suppose j - 474 = q. What are the prime factors of j?
2, 3, 7, 19
Let i(q) = q**3 + 9*q**2 + 11*q - 8. Let j be i(-7). Suppose -j*x + 1943 + 1008 = 0. What are the prime factors of x?
227
Suppose 3*b - 71*j + 70*j = 31863, 0 = 5*b - 4*j - 53105. List the prime factors of b.
13, 19, 43
Let m(y) = 2*y + 10. Let z be m(-5). What are the prime factors of -5 + (-1 - z)/(3/(-2541))?
2, 421
Let z = 23349 + -11289. List the prime factors of z.
2, 3, 5, 67
Suppose 3*f + 4218 = z, 9*z - 1128*f - 37994 = -1133*f. What are the prime factors of z?
3, 7, 67
Suppose -92*q = -85*q - 171139 + 37600. What are the prime factors of q?
3, 6359
Suppose 0 = 6*t - 2*t + l - 28, 8 = 2*l. List the prime factors of (2/t - (-154)/(-12))*-104.
2, 5, 13
Let u = 132130 - 69274. What are the prime factors of u?
2, 3, 97
Let z be (-14 - -8) + -2*(-20)/8. What are the prime factors of 449 + -4 - (-6 + z)?
2, 113
Suppose 3*z + 15 - 63 = 0. Let l be ((-3)/(-6) - -1)/(12/z). Suppose -5*m + 637 = l*m. List the prime factors of m.
7, 13
Suppose d = 4*h - 5664, 0*h + h = 3*d + 1427. List the prime factors of 7/((-140)/h)*-4.
283
Suppose -18 - 30 = -6*i. Suppose -i*a - 1455 = -11*a. List the prime factors of a.
5, 97
Suppose 12*c + 8*c = 38880. Suppose -115*h + 111*h + c = 0. What are the prime factors of h?
2, 3
Let f be ((-3)/((-6)/(-5)))/((-120)/214800). Let k = -2923 + f. List the prime factors of k.
2, 97
Suppose 422*g - 36871450 = -124*g - 64*g. What are the prime factors of g?
5, 7, 11, 157
Let f be (-1 - -18)/(-1) + (3 - 0). Let u = -8 + f. Let i = u + 38. List the prime factors of i.
2
Suppose 2*y = -3*y + 3*i + 208, 0 = -5*y - 2*i + 203. Let j = 50 - y. Let g = j - -48. List the prime factors of g.
3, 19
Let r(x) = -x**3 + 4*x**2 - 9*x + 4. Let c be r(-5). Let s be (c/5)/((-12)/(-60)). Suppose -s = -4*h + p - 3*p, -h - 2*p = -67. List the prime factors of h.
3, 23
List the prime factors of 142990/5 - (-24 + 43).
28579
Let d(t)